02
Calculate the highest common divisor of 880 and 240.
80
Calculate the highest common factor of 105 and 1344.
21
What is the highest common divisor of 79521 and 39?
39
Calculate the highest common divisor of 175 and 938.
7
What is the greatest common divisor of 10 and 125?
5
Calculate the greatest common divisor of 27 and 1431.
27
Calculate the highest common factor of 19 and 105203.
19
What is the highest common divisor of 46 and 2162?
46
Calculate the highest common divisor of 792 and 2304.
72
Calculate the greatest common divisor of 154 and 44.
22
Calculate the highest common divisor of 75 and 425.
25
What is the highest common factor of 112 and 49?
7
What is the highest common divisor of 281 and 12?
1
What is the highest common factor of 512 and 16?
16
What is the highest common divisor of 4379 and 29?
29
Calculate the greatest common divisor of 3447 and 9.
9
Calculate the highest common divisor of 560 and 35.
35
Calculate the highest common divisor of 15 and 501.
3
Calculate the greatest common factor of 2 and 106.
2
Calculate the highest common divisor of 417 and 139.
139
What is the greatest common factor of 12 and 5142?
6
Calculate the highest common divisor of 370 and 1998.
74
What is the highest common factor of 23 and 23?
23
Calculate the greatest common divisor of 2755 and 58.
29
What is the highest common factor of 42 and 15890?
14
Calculate the highest common divisor of 19888 and 352.
176
What is the greatest common factor of 236 and 2006?
118
Calculate the greatest common divisor of 418 and 77.
11
What is the highest common factor of 113 and 3?
1
What is the greatest common divisor of 8 and 88?
8
What is the greatest common factor of 143 and 5?
1
What is the highest common factor of 4030 and 124?
62
What is the greatest common factor of 975 and 1053?
39
What is the highest common divisor of 40180 and 328?
164
What is the highest common divisor of 1002 and 84?
6
Calculate the highest common divisor of 207 and 51.
3
What is the highest common divisor of 279 and 9?
9
What is the greatest common divisor of 28 and 84?
28
What is the highest common divisor of 234 and 364?
26
Calculate the highest common divisor of 96 and 144.
48
What is the greatest common factor of 40 and 790?
10
Calculate the highest common divisor of 29 and 1363.
29
What is the greatest common divisor of 112 and 416?
16
Calculate the highest common factor of 11 and 1661.
11
Calculate the greatest common factor of 49 and 196.
49
What is the highest common divisor of 210 and 90?
30
Calculate the greatest common factor of 290 and 12702.
58
What is the greatest common divisor of 21783 and 159?
159
Calculate the greatest common factor of 91 and 28.
7
What is the greatest common factor of 2047 and 1246?
89
What is the greatest common divisor of 1139 and 67?
67
Calculate the highest common divisor of 82 and 8.
2
What is the greatest common divisor of 81 and 1017?
9
What is the highest common divisor of 1521 and 423?
9
What is the highest common factor of 1710 and 1026?
342
Calculate the highest common factor of 90 and 10.
10
What is the highest common divisor of 7300 and 16?
4
Calculate the highest common factor of 50 and 41350.
50
What is the greatest common factor of 80 and 4?
4
Calculate the highest common factor of 159 and 106.
53
Calculate the greatest common divisor of 152 and 4104.
152
What is the greatest common divisor of 168 and 2786?
14
Calculate the greatest common divisor of 658 and 47.
47
Calculate the highest common factor of 24 and 96.
24
Calculate the highest common factor of 26 and 5057.
13
What is the highest common factor of 808 and 1?
1
What is the greatest common divisor of 18 and 66?
6
What is the highest common divisor of 24 and 186?
6
Calculate the greatest common factor of 86 and 2.
2
What is the greatest common divisor of 34 and 578?
34
Calculate the greatest common divisor of 133 and 1.
1
Calculate the highest common factor of 364 and 56.
28
Calculate the greatest common divisor of 1943 and 116.
29
Calculate the highest common divisor of 4992 and 72.
24
What is the greatest common divisor of 136 and 56?
8
What is the highest common factor of 255 and 425?
85
Calculate the highest common factor of 14445 and 135.
135
Calculate the greatest common divisor of 85 and 442.
17
Calculate the highest common factor of 91 and 117.
13
Calculate the greatest common factor of 75 and 15.
15
What is the highest common factor of 201 and 3149?
67
What is the greatest common factor of 14 and 658?
14
Calculate the highest common factor of 52 and 5122.
26
What is the highest common factor of 14 and 8?
2
What is the greatest common divisor of 26 and 26416?
26
Calculate the highest common divisor of 65 and 125.
5
What is the highest common factor of 89 and 10235?
89
What is the greatest common divisor of 40 and 432?
8
What is the highest common factor of 104 and 2288?
104
Calculate the highest common divisor of 4 and 864.
4
Calculate the greatest common factor of 7396 and 172.
172
What is the highest common factor of 77 and 66?
11
Calculate the highest common factor of 12 and 108.
12
What is the greatest common divisor of 24 and 123?
3
Calculate the greatest common divisor of 2697 and 58.
29
What is the highest common divisor of 43 and 1290?
43
Calculate the highest common divisor of 53083 and 327.
109
What is the greatest common divisor of 54 and 162?
54
Calculate the highest common divisor of 87 and 551.
29
What is the greatest common factor of 64 and 96?
32
What is the greatest common factor of 16 and 7920?
16
What is the greatest common factor of 8 and 26?
2
What is the greatest common divisor of 247 and 637?
13
What is the highest common divisor of 1062 and 450?
18
Calculate the greatest common divisor of 225 and 9.
9
Calculate the highest common divisor of 1379 and 7.
7
What is the greatest common factor of 6109 and 149?
149
What is the greatest common factor of 850 and 1450?
50
What is the highest common divisor of 2 and 4?
2
Calculate the greatest common divisor of 49502 and 106.
106
What is the greatest common factor of 2360 and 19352?
472
Calculate the greatest common divisor of 1 and 1289.
1
What is the greatest common divisor of 72 and 1944?
72
Calculate the greatest common factor of 115 and 138.
23
What is the greatest common factor of 52 and 234?
26
Calculate the highest common factor of 14 and 27643.
7
What is the greatest common divisor of 63 and 1602?
9
Calculate the greatest common divisor of 82 and 2419.
41
Calculate the highest common divisor of 18910 and 62.
62
What is the highest common divisor of 949 and 584?
73
What is the highest common divisor of 304 and 418?
38
What is the greatest common divisor of 208 and 10816?
208
What is the greatest common factor of 22 and 1111?
11
What is the highest common factor of 72 and 32?
8
Calculate the greatest common factor of 10442 and 184.
46
What is the highest common factor of 1750 and 182?
14
What is the highest common factor of 32 and 32?
32
What is the highest common divisor of 105 and 189?
21
What is the greatest common divisor of 302 and 6946?
302
Calculate the highest common factor of 291 and 42486.
291
What is the highest common divisor of 91 and 1456?
91
Calculate the greatest common divisor of 10921 and 536.
67
What is the greatest common factor of 2020 and 100?
20
What is the highest common factor of 329 and 224?
7
Calculate the greatest common divisor of 6 and 69.
3
What is the greatest common divisor of 940 and 50?
10
What is the highest common divisor of 6 and 150?
6
Calculate the greatest common factor of 6 and 78.
6
What is the greatest common factor of 224 and 2247?
7
Calculate the highest common factor of 36 and 276.
12
Calculate the greatest common factor of 65 and 1300.
65
Calculate the highest common divisor of 1666 and 294.
98
Calculate the highest common divisor of 35 and 80.
5
Calculate the greatest common divisor of 1480 and 20.
20
What is the highest common divisor of 5 and 295?
5
What is the greatest common factor of 48 and 24?
24
Calculate the greatest common factor of 1032 and 3.
3
What is the greatest common divisor of 222 and 9?
3
What is the highest common divisor of 581 and 77?
7
What is the highest common factor of 13 and 247?
13
Calculate the highest common divisor